 4 - 15. Let q(r) = 6*t(r) + 13*u(r). Calculate q(5).
5
Let a = 9 + -10. Let c(k) = 16*k**3 + k**2 + 2*k + 1. Determine c(a).
-16
Let m(f) = -f**3 + 3*f - 3. Suppose 2*x = -5*h + 19, h + 3*x = -4*h + 21. Suppose -5*u - y - 2*y = 24, -2*y = -3*u - h. Calculate m(u).
15
Let b(x) be the third derivative of -x**6/720 + x**5/40 + x**4/12 + x**2. Let z(t) be the second derivative of b(t). Calculate z(3).
0
Suppose 0 = -3*c + 5 + 4. Let m(x) be the third derivative of -x**6/120 + x**5/20 + x**4/24 + 10*x**2. Give m(c).
3
Let p(i) be the first derivative of -2*i**2 - i - 8. Determine p(1).
-5
Let l(s) be the first derivative of -s**2/2 + s - 3. Suppose -4*i - 4*z = -28, 2*z - 10 + 0 = 0. Give l(i).
-1
Let b(f) = 9*f - 7. Let v(r) = -3*r + 2. Let z(w) = 2*b(w) + 7*v(w). Give z(-1).
3
Let t(m) = -8*m - 1. Suppose 0 = -3*x - 3*n + 3, -n - 2*n = -3*x + 9. Let s be -5*((-3)/5 + 0). Let u = x - s. Determine t(u).
7
Let f(u) = -13*u - u**2 + 43*u + 10*u**3 - 15*u - 14*u. Calculate f(1).
10
Let f(u) = -14*u. Let l(s) = -3*s + 58. Let q be l(20). What is f(q)?
28
Suppose -b + 4*b = 18. Let r(g) = g. Calculate r(b).
6
Let f(i) = -4*i + 6. Let a(p) be the second derivative of 0 + p - 6*p**2 + 4/3*p**3. Let k(u) = 6*a(u) + 13*f(u). Give k(4).
-10
Let u(c) = 2*c**2 + 8*c - 2. Suppose 4*n + 21 = -3. Calculate u(n).
22
Let r(n) = n**2 + n - 4. Let a be r(2). Let b(s) = -s**3 + s**2 + s + 1. Give b(a).
-1
Let i be 3/(-12) - (-195)/(-20). Let d = -5 - i. Let z(s) = -s + 6. Give z(d).
1
Suppose 0*s + 5*s = 35. Let c(t) = t**2 - 9*t + 4. Determine c(s).
-10
Suppose 11*t + 59 - 15 = 0. Let q(d) = 2*d**2 + 5*d - 3. Calculate q(t).
9
Let j = 16 + -13. Let w(d) = 12 - 3*d - 4 - 9 - j*d. Determine w(-1).
5
Let h = -35 - -68. Suppose -h = 5*g - 13. Let m(t) = -t**3 - 3*t**2 + 2*t - 2. Determine m(g).
6
Let m be -1 - -1 - -2 - -3. Let o(t) be the first derivative of -t**3/3 + 3*t**2 - 7*t + 4. Determine o(m).
-2
Let j(b) = -9 + 10*b - b**3 - 6*b**2 - 9*b**3 + 11*b**3 - 2*b**2. Calculate j(7).
12
Let d(j) = 2*j**2 - 1 - j**2 - j + 0*j. Give d(-1).
1
Let q(h) = 17*h + 11. Let a(c) = -6*c - 4. Let l(j) = 8*a(j) + 3*q(j). Suppose -2*o + d + 1 = 4, -3*o - 17 = -4*d. Let g be (-1 + -1 + 0)*o. What is l(g)?
-5
Let j(q) = -11*q**2 + 4*q - 7. Let b(x) = -12*x**2 + 3*x - 6. Let n(r) = 6*b(r) - 5*j(r). Give n(-1).
-16
Suppose -13 = 2*z + 9. Let t = z + 7. Let m(x) = 3*x**2 + 24*x + 11. Let q(r) = r**2 + 8*r + 4. Let p(y) = 2*m(y) - 7*q(y). Calculate p(t).
10
Let h(t) = t**2. Let x = -12 - -11. Give h(x).
1
Let u(r) = -5*r**3 + 4*r**2 + 5*r - 7. Let x(a) = -11*a**3 + 7*a**2 + 11*a - 14. Let i(p) = -9*u(p) + 4*x(p). Give i(8).
-1
Let q(c) = c**3 - 4*c**2 - c - 4. Let x(v) = 7*v + 5. Let j(d) = -3*d - 2. Let y(o) = 5*j(o) + 2*x(o). Let z be y(-4). Give q(z).
-8
Let j(n) = n**3 + 2*n**2 - 5*n - 4. Let u = -4 - -28. Suppose -4 - u = 4*l. Let d be (-13 - l)*2/4. What is j(d)?
2
Suppose 0 = -k - 4*k + 15. Suppose 4*w + 5*b - k*b = 8, 3*w - 3*b = 24. Suppose 0 = w*z + 8 - 0. Let h(g) = g + 4. What is h(z)?
2
Let f = 5 + -10. Let b(n) = 3*n - 11. Let a(m) = -8*m + 32. Let s(z) = -5*a(z) - 14*b(z). What is s(f)?
4
Let k(a) be the second derivative of -1/12*a**4 + 0 + 1/20*a**5 + 1/2*a**2 - 2*a + 0*a**3. Let h be (2/(-4))/((-2)/8). What is k(h)?
5
Let p(b) = 4*b + 8 + 0*b - 3*b. What is p(-8)?
0
Let k(s) = 5*s + 8*s**2 - 5*s. Let o(p) = 2*p**3 - 10*p**2 + 1. Let v be o(5). Calculate k(v).
8
Let a be -2*1 + -2 + 10. Let d(j) = 7*j**3 + 6*j**2 + j + 10. Let w(u) = -6*u**3 - 5*u**2 - u - 9. Let b(x) = a*w(x) + 5*d(x). Suppose 7*h = 6*h. Give b(h).
-4
Let v(b) = 3*b + 2. Suppose 3*x = -4*g - 0*g - 1, -5*x + 5*g = -10. Suppose -x = -4*d + 7. Calculate v(d).
8
Let q(t) = -4 + 2 + 0 - 3*t. Give q(-2).
4
Let w(y) be the second derivative of -1/3*y**3 - 6*y + 1/2*y**2 + 0 + 1/20*y**5 - 1/4*y**4. Suppose -2*j + 4*j = 8. What is w(j)?
9
Let p(h) be the second derivative of -h**4/6 - 2*h. What is p(-1)?
-2
Let v = -13 + 9. Let b(s) be the first derivative of s**3 - 4*s - 1 + 1/4*s**4 - 2*s**2. Give b(v).
-4
Let p be (-2)/(-3) - 38/3. Let i = -11 - p. Let m(a) = 2*a + 1. Calculate m(i).
3
Let w(r) = -r**3 - 5*r**2 + 3*r + 11. Let y be w(-5). Let z(h) = 3*h - 5. Determine z(y).
-17
Suppose -7 - 1 = -j. Let w(x) = x - 10. Let h be w(j). Let k(p) = 3*p. Determine k(h).
-6
Let q(k) = 4 + 3*k + 34*k**2 - 30*k**2 - 2*k**3 - 2 + 3*k**3. Give q(-3).
2
Let v(g) = -3*g + 3. Let i(k) = -9*k - 5*k + 19 - k - 4. Let b(a) = -5*i(a) + 24*v(a). Give b(6).
15
Let y(i) be the third derivative of -i**4/12 + i**3/6 + 6*i**2. Let o = 15 - 11. What is y(o)?
-7
Let n(i) = i. Let q be n(6). Let t(w) = w**3 - 7*w**2 + 6*w. Determine t(q).
0
Let n be (-8)/28 + 44/7. Let x be (1/(-2))/(n/(-48)). Let q(i) = -2*i + 2. Determine q(x).
-6
Suppose -4*v = -5*z + v + 20, -2*z + v + 7 = 0. Let k(x) = -2*x - 3. Give k(z).
-9
Let v(z) = 3*z - 10. Let o(l) = 9*l - 29. Let f(d) = 3*o(d) - 8*v(d). Calculate f(5).
8
Let j(k) = 3*k + k**3 - 2*k**2 - 2*k + 1 - 2. Calculate j(2).
1
Suppose -z + 4 = -0. Suppose z*p = 5 + 15. Let w(f) = -7 + 1 + 6*f + p. Determine w(1).
5
Let c(j) = -5*j**3 + 2*j**2 - j + 1. Let g(u) = -2*u - u - u**2 + 3*u. Let n(o) = c(o) + 2*g(o). Let i be ((-3)/1 - -4)/1. Determine n(i).
-5
Let l(a) = -2*a - 4. Suppose p = 3*g + 23, 5*p + 1 = -g + 2*p. Give l(g).
10
Suppose 0 = -3*g - 308 + 311. Let k(h) = h + 7. Let u be k(-5). Let x(d) = d**u + d + 1 - 1. What is x(g)?
2
Let c(i) = i**3 - i + 1. Let p(n) = -n**3 + 3*n**2 - 1. Let r(l) = -2*c(l) - p(l). Calculate r(-4).
7
Let y(q) = -q**2 + 5*q - 3. Let u = -1 + 5. Calculate y(u).
1
Let c(o) = -3*o**2 - 2*o + 2. Let y be 1 + 33/(-3) + 3. Let w = -9 - y. What is c(w)?
-6
Let x(t) = -t**3 + 2*t**2 + 5*t - 1. Let q be -2*2/(-4)*20. Suppose 4*b + q = 9*b. What is x(b)?
-13
Let o(s) = -9*s - 14. Let h(z) = 20*z + 29. Let a(q) = -4*h(q) - 9*o(q). What is a(-8)?
2
Let r(l) = -l**2 - 4*l + 9. Let z(q) = -q + 1. Suppose -4*b + 0*b - 5*n = 21, -3*n = -5*b + 20. Let v(p) = b*r(p) - 5*z(p). Give v(3).
-2
Let o(z) be the third derivative of -z**6/120 + z**5/60 + z**4/12 + z**3/6 - 3*z**2. Let k be o(2). Let c(u) = u - k + u - u. What is c(4)?
3
Let i be (-70)/(-15) - (-4)/3. Let g(h) = 7*h**2 - 17*h - 21. Let t(b) = -3*b**2 + 8*b + 10. Let p(y) = -2*g(y) - 5*t(y). What is p(i)?
-8
Let a(x) = -x. Let z(u) = 2*u - 1. Let y(g) = -5*a(g) - 2*z(g). What is y(-5)?
-3
Let x(i) = 14*i**3 + 2*i - 1. Let b be x(1). Let k be b*(-2)/(-3) - 1. Let j(y) = 0*y**2 + 0*y**2 - 4*y + y**3 + 5*y**2 + k*y + 5. What is j(-4)?
1
Suppose -5*b = f - 0*f + 21, -10 = -2*f + 3*b. Let t(c) = 18*c**2 - 4*c + 1. Let l(o) = o**2 - o. Let n(u) = -6*l(u) + t(u). Give n(f).
11
Let j = -137 - -146. Let x(m) = m + 4. Calculate x(j).
13
Let w(j) be the first derivative of -5 - j + 3/2*j**2 + 1/3*j**3. Determine w(2).
9
Suppose -6*z + 4*z = 2. Let w(u) = -3 - 6*u**3 - 3 + 5. Determine w(z).
5
Suppose -25 = 8*g - 3*g. Let v(o) = -o**3 - 5*o**2 - 2*o - 3. What is v(g)?
7
Let g(d) = -5*d - 2. Suppose -21 + 6 = 5*u. Let x(c) = -c - 10. Let o be x(-6). Let r be 4/(-6) - o/u. What is g(r)?
8
Let i(z) = -z**2 + 5*z. Let d be i(4). Let g(k) = -k + 3. Let m be g(3). Let y(t) = -t**2 + m*t + 4 + d*t + 0*t. What is y(4)?
4
Let v(c) be the second derivative of c**4/12 - 3*c**3/2 - 3*c**2 + 21*c. Give v(9).
-6
Let k(f) be the third derivative of -f**4/8 - f**2. Let m be -1 - -1 - (-3 - 1). Give k(m).
-12
Let s(y) = -5*y**3 - y**2 + 9*y - 5. Let l(k) = -3*k**3 + 5*k - 3. Let r(g) = 7*l(g) - 4*s(g). Calculate r(4).
-5
Let o(a) = -a**2 - a. Let d(l) = l**2 + 11*l + 4. Let i be d(-11). Calculate o(i).
-20
Let o(m) = 1 + 3 - m - 3 - 5. Determine o(-3).
-1
Let p(r) = 14*r - 17. Let m(j) = -9*j + 11. Let s(w) = -8*m(w) - 5*p(w). Let d(k) = k. Let u be d(3). Calculate s(u).
3
Let t(g) be the first derivative of g**4/4 + 3*g**3 + 7*g**2/2 - 5*g - 3. Determine t(-8).
3
Let g = 3 + -8. Let w(q) be the third derivative of 2*q**2 - 1/6*q**3 + 1/60*q**5 + 0*q + 1/4*q**4 + 0. Determine w(g).
-6
Suppose 4 = -0*f + 2*f. Suppose -4*k - l = -5, 4*l = f*k + 4 - 2. Let y(o) = o - k - 2*o**2 + 3*o**2 - 4. Give y(0).
-5
Let f(a) = -a**3 - a**2 + 6*a - 3. Let p(y) = 4*y**3 + 4*y**2 - 25*y + 13. Let x(s) = 9*f(s) + 2*p(s). Give x(-3).
5
Let u be 3 - 6 - 0 - -15. Suppo